Let u(l) = 15477*l - 1640552. What is u(106)?
10
Let g(q) = q**3 - 95*q**2 - 313*q + 1874. What is g(98)?
12
Let m(y) = y**3 - 326*y**2 - 2138*y + 592167. Give m(327).
-30
Let b(v) = 3*v**2 - 250*v + 258. Determine b(-10).
3058
Let v(f) = -777*f + 50566. What is v(65)?
61
Let c(s) = -12*s**3 + 166*s**2 - 364*s + 2. Give c(11).
112
Let i(s) = -2369*s + 1345802. Determine i(568).
210
Let k(p) = 3417*p - 27340. Determine k(8).
-4
Let u(b) = 950*b - 115248. Determine u(122).
652
Let r(v) = 1093*v + 38733. Determine r(-36).
-615
Let s(x) = -2*x**3 - 56*x**2 + 759*x + 19146. What is s(-30)?
-24
Let k(h) = -231635*h - 3706155. What is k(-16)?
5
Let m(a) = a**3 + a**2 - 10*a + 1024. What is m(0)?
1024
Let k(h) = -h**2 + 651*h + 13066. Give k(-20).
-354
Let x(r) = -75*r**2 - 585*r - 809. What is x(-6)?
1
Let c(z) = 1401*z - 250696. Calculate c(179).
83
Let j(n) = 4*n**3 - 709*n**2 + 59*n + 20879. Calculate j(177).
-7
Let o(r) = 308*r**2 + 1531*r + 1. Give o(-5).
46
Let d(z) = 24*z**2 + 544*z + 1026. What is d(-2)?
34
Let w(j) = 1147*j - 10654. Calculate w(9).
-331
Let n(u) = 15*u**2 + 5442*u - 73261. Determine n(13).
20
Let z(u) = -1722*u + 971209. Calculate z(564).
1
Let s(o) = -55*o**2 - 1537*o + 162. What is s(-28)?
78
Let n(w) = -176*w + 52303. Give n(297).
31
Let o(p) = -969*p - 91327. What is o(-94)?
-241
Let j(r) = -r**3 + 4157*r**2 + 79340*r - 83. Calculate j(-19).
-7
Let s(p) = -33762*p - 4726597. Calculate s(-140).
83
Let a(o) = 1872*o - 15455. Give a(8).
-479
Let x(n) = -131527*n + 789163. What is x(6)?
1
Let y(w) = -3980*w + 1341272. What is y(337)?
12
Let x(z) = 1074*z - 15935. Give x(14).
-899
Let y(w) = 107181*w - 1393373. Give y(13).
-20
Let o(u) = -u**3 + 35*u**2 + 40*u - 2221. What is o(34)?
295
Let n(f) = -f**3 + 16*f**2 - 3589*f + 28575. What is n(8)?
375
Let l(z) = -4*z**3 - 152*z**2 + 1048*z - 374. Give l(-44).
-22
Let k(w) = 2*w**3 + 10*w**2 - 16*w - 89. Determine k(-8).
-345
Let k(m) = 2*m**3 + 856*m**2 - 2734*m - 1170144. Determine k(-428).
8
Let r(n) = -8*n**3 + 71*n**2 - 66*n + 27. What is r(8)?
-53
Let a(l) = -963*l + 101526. Calculate a(107).
-1515
Let u(y) = -3*y**3 - 227*y**2 + 95*y + 34. Determine u(-76).
-1410
Let r(n) = 3*n**3 - 39*n**2 + 7*n - 114. Give r(13).
-23
Let a(z) = 342067*z - 3420665. Give a(10).
5
Let b(i) = 3*i**2 + 474*i - 8583. What is b(18)?
921
Let w(s) = -5*s**2 + 95*s - 100. Calculate w(18).
-10
Let p(b) = -1036*b - 7038. Calculate p(-7).
214
Let v(t) = 152*t**2 + 90*t - 8. Give v(3).
1630
Let c(l) = -340*l**3 - 70041*l**2 - 190*l + 3277. Determine c(-206).
-19
Let o(h) = h**3 - 15*h**2 + 341*h - 3809. Give o(12).
-149
Let g(h) = -47*h - 71. Determine g(-4).
117
Let i(h) = -45056*h + 3379214. What is i(75)?
14
Let y(l) = 12*l**2 - 789*l + 6684. What is y(10)?
-6
Let u(h) = -h**3 - 156*h**2 - 370*h + 286. Give u(-3).
19
Let q(j) = j**3 + 29*j**2 - 10706*j - 348955. Calculate q(-33).
-13
Let a(r) = -r**2 + 1502. Determine a(39).
-19
Let r(c) = c**3 - 143*c**2 - 268*c - 3192. What is r(145)?
-2
Let u(h) = -1274*h - 20126. Give u(-17).
1532
Let o(h) = -6*h**3 + 400*h**2 + 4*h - 22. What is o(0)?
-22
Let t(g) = 1845*g + 160518. Calculate t(-87).
3
Let p(v) = 55*v**2 - 1187*v + 65. Determine p(20).
-1675
Let d(h) = 1941*h + 372667. Give d(-192).
-5
Let r(q) = -q**3 - 33*q**2 + 146*q - 1529. Give r(-38).
143
Let u(k) = 4*k**3 + 6*k**2 - 73*k + 334. Give u(4).
394
Let x(r) = -13022*r + 77696. Calculate x(6).
-436
Let c(s) = 354*s**2 + 3607*s - 108. Calculate c(-10).
-778
Let y(q) = -942*q + 37952. Determine y(48).
-7264
Let c(v) = 2*v**2 - 8929*v - 114. Give c(0).
-114
Let t(j) = -1323273*j + 5293089. Calculate t(4).
-3
Let m(a) = 33*a + 919. Determine m(-118).
-2975
Let n(q) = -597445*q - 5974437. Calculate n(-10).
13
Let u(j) = j**3 - 30*j**2 + 120*j + 1475. Determine u(21).
26
Let i(j) = 84*j**2 + 8833*j + 1350. Give i(-105).
-15
Let l(c) = c**2 - 193*c + 7676. What is l(138)?
86
Let y(x) = -1439366*x - 14393662. What is y(-10)?
-2
Let q(w) = -259*w + 7409. Give q(34).
-1397
Let f(m) = 65*m**2 - 3560*m + 2986. What is f(54)?
286
Let k(z) = -z**2 - 2756*z - 1713984. Determine k(-948).
0
Let l(c) = c**2 + 8978*c + 799932. Determine l(-90).
12
Let d(l) = 2*l**3 + 127*l**2 + 2028*l + 114158. Calculate d(-62).
-46
Let j(l) = l**3 + 45*l**2 + 32*l + 1455. Determine j(-45).
15
Let u(l) = 13*l**2 + 111*l - 2941. Calculate u(-20).
39
Let g(t) = 1426*t - 34423. Give g(24).
-199
Let y(u) = 2446*u**3 + 29352*u**2 - 1. What is y(-12)?
-1
Let m(p) = 4*p**2 + 1009*p - 110898. What is m(-335)?
-13
Let k(b) = -55*b**3 - 1099*b**2 + 686*b + 13314. What is k(-20)?
-6
Let u(j) = j**2 + 68*j + 1102. What is u(-32)?
-50
Let s(o) = 277*o**2 + 46539*o + 511. What is s(-168)?
7
Let x(l) = 2*l**3 + 62*l**2 - 39*l - 1312. Calculate x(-31).
-103
Let f(m) = -1432*m**3 + 3*m**2 - 421*m + 420. Calculate f(1).
-1430
Let i(v) = -6951*v + 62529. Determine i(9).
-30
Let w(p) = -3195*p - 469667. Give w(-147).
-2
Let c(i) = i**2 + 122822*i + 11904327. Give c(-97).
2
Let m(s) = s**2 + 944*s - 433227. What is m(338)?
89
Let c(w) = -7200*w + 7181. What is c(1)?
-19
Let i(j) = -j**3 - 89*j**2 - 1987*j - 2851. Give i(-36).
-7
Let f(o) = -2801*o + 142871. Determine f(51).
20
Let t(p) = 2222*p - 4542. Determine t(2).
-98
Let g(o) = 4525*o + 230949. Calculate g(-51).
174
Let d(c) = -c**2 - 1961*c - 46324. Calculate d(-24).
164
Let r(o) = 5071*o + 1632872. What is r(-322)?
10
Let h(j) = 5554*j + 144412. Determine h(-26).
8
Let n(r) = 86*r**3 - 90*r**2 - 173*r + 2. Give n(-2).
-700
Let u(h) = h**3 - 12*h**2 - h + 248. Determine u(15).
908
Let j(k) = 2*k**2 - 2618*k - 13038. Calculate j(-5).
102
Let j(h) = h**2 + 35880*h - 3598006. Give j(100).
-6
Let g(z) = -2*z**3 - 223883*z**2 + 895556*z + 4. What is g(4)?
-28
Let d(f) = 30*f**3 + 17*f**2 + 10*f - 43. Calculate d(-2).
-235
Let n(a) = -14296*a - 16082985. Calculate n(-1125).
15
Let k(i) = 12*i**2 - 386*i + 81. Give k(32).
17
Let l(u) = u**3 - 74*u**2 + 10*u + 1010. Give l(74).
1750
Let j(s) = 21524*s + 860953. What is j(-40)?
-7
Let a(k) = -3*k**2 + 1342*k + 29529. What is a(-21)?
24
Let l(g) = -g**2 + 833*g + 130690. Calculate l(-135).
10
Let t(z) = 11963*z + 322991. Determine t(-27).
-10
Let r(d) = 126*d - 810. Determine r(6).
-54
Let z(i) = -1656*i - 140690. What is z(-85)?
70
Let x(t) = -2*t**3 + 28*t**2 - 496*t + 6050. Calculate x(13).
-60
Let g(s) = 11*s**2 + 519*s - 26. Determine g(-47).
-120
Let o(j) = -372734*j + 8200142. Give o(22).
-6
Let z(b) = b**3 - 44*b**2 + 864*b - 7022. Give z(18).
106
Let x(w) = -2*w**3 - 1187*w**2 + 223058*w - 1205. Determine x(150).
-5
Let y(m) = 147*m - 9458. Determine y(64).
-50
Let t(k) = 514*k + 13957. What is t(-25)?
1107
Let r(c) = 26*c**2 + 25354*c - 200533. Calculate r(-983).
-1
Let s(g) = 8354*g - 117029. What is s(14)?
-73
Let j(c) = -c**3 - 63*c**2 + 483*c - 457. What is j(-70)?
33
Let z(f) = -5*f**3 - 154*f**2 - 239*f + 625. Determine z(-29).
-13
Let g(v) = 14*v**2 - 59*v - 72. Calculate g(10).
738
Let f(d) = 503*d**3 - 11*d**2 + 10*d + 2. Give f(1).
504
Let c(m) = -30*m**2 - 18*m + 629. Calculate c(12).
-3907
Let c(t) = t**3 + 663*t**2 - 553*t + 73701. What is c(-664)?
-3
Let m(l) = -261*l + 29303. Determine m(112).
71
Let t(q) = -q**3 - 19*q**2 - 117. What is t(-19)?
-117
Let a(q) = q**2 - 283*q + 12908. What is a(63)?
-952
Let f(h) = 24*h**2 - 1144*h + 12810. Give f(18).
-6
Let z(h) = -71*h**2 - 153*h + 206. Give z(-3).
26
Let n(h) = h**3 - 423*h**2 - 857*h + 2993. Give n(425).
18
Let j(a) = -4*a**3 - a**2 + 125*a + 479. Calculate j(-4).
219
Let n(k) = 66*k + 1133. What is n(-24)?
-451
Let g(o) = -298*o**2 - 2682*o - 82. Determine g(-9).
-82
Let p(c) = 14945*c - 119554. Determine p(8).
6
Let q(i) = 4*i**2 - 5401*i - 182563. Calculate q(-33).
26
Let f(k) = -120463*k + 42282513. Calculate f(351).
0
Let k(u) = u**2 + 1349*u - 100876. Calculate k(71).
-56
Let v(p) = -106*p**2 - 6574*p + 816. Give v(-62).
940
Let l(b) = 17921*b - 1021499. Give l(57).
-2
Let r(w) = w**2 + 2047*w - 476459. Calculate r(211).
-21
Let n(u) = u**3 - 2*u**2 + 604*u + 3548. Determine n(-6).
-364
Let x(n) = -15946*n - 7271375. Give x(-456).
1
Let i(x) = 2*x**3 - 3*x**2 + 1379*x - 10194. Calculate i(7).
-2
Let c(d) = -d**3 + 26*d**2 - 96*d - 80. Give c(16).
944
Let c(l) = 43*